{"id":64,"date":"2020-03-25T13:47:35","date_gmt":"2020-03-25T16:47:35","guid":{"rendered":"http:\/\/jornalvaleevangelico.com.br\/?page_id=64"},"modified":"2020-03-25T13:47:36","modified_gmt":"2020-03-25T16:47:36","slug":"economia","status":"publish","type":"page","link":"https:\/\/jornalvaleevangelico.com.br\/index.php\/economia\/","title":{"rendered":"Economia"},"content":{"rendered":"<div class=\"pt-cv-wrapper\"><div class=\"pt-cv-view pt-cv-grid pt-cv-colsys\" id=\"pt-cv-view-a7b087c5ov\"><div data-id=\"pt-cv-page-1\" class=\"pt-cv-page\" data-cvc=\"3\"><div class=\"col-md-4 col-sm-6 col-xs-12 pt-cv-content-item pt-cv-1-col\" ><div class='pt-cv-ifield'><a href=\"https:\/\/jornalvaleevangelico.com.br\/index.php\/2026\/05\/13\/brasil-fica-de-fora-de-lista-da-ue-e-pode-apresentar-queda-na-exportacao-de-carne\/\" class=\"_self pt-cv-href-thumbnail pt-cv-thumb-default\" target=\"_self\" ><img fetchpriority=\"high\" decoding=\"async\" width=\"300\" height=\"200\" src=\"https:\/\/jornalvaleevangelico.com.br\/wp-content\/uploads\/2026\/05\/Carne-300x200.jpg\" class=\"pt-cv-thumbnail\" alt=\"\" srcset=\"https:\/\/jornalvaleevangelico.com.br\/wp-content\/uploads\/2026\/05\/Carne-300x200.jpg 300w, https:\/\/jornalvaleevangelico.com.br\/wp-content\/uploads\/2026\/05\/Carne.jpg 629w\" sizes=\"(max-width: 300px) 100vw, 300px\" \/><\/a>\n<h4 class=\"pt-cv-title\"><a href=\"https:\/\/jornalvaleevangelico.com.br\/index.php\/2026\/05\/13\/brasil-fica-de-fora-de-lista-da-ue-e-pode-apresentar-queda-na-exportacao-de-carne\/\" class=\"_self\" target=\"_self\" >Brasil fica de fora de lista da UE e pode apresentar queda na exporta\u00e7\u00e3o de carne<\/a><\/h4>\n<div class=\"pt-cv-content\">A UE informou que o Brasil foi exclu\u00eddo por que n\u00e3o forneceu garantias sobre a n\u00e3o utiliza\u00e7\u00e3o de antimicrobianos Uma ...<br \/><div class=\"pt-cv-rmwrap\"><a href=\"https:\/\/jornalvaleevangelico.com.br\/index.php\/2026\/05\/13\/brasil-fica-de-fora-de-lista-da-ue-e-pode-apresentar-queda-na-exportacao-de-carne\/\" class=\"_self pt-cv-readmore btn btn-success\" target=\"_self\">Leia Mais<\/a><\/div><\/div><\/div><\/div>\n<div class=\"col-md-4 col-sm-6 col-xs-12 pt-cv-content-item pt-cv-1-col\" ><div class='pt-cv-ifield'><a href=\"https:\/\/jornalvaleevangelico.com.br\/index.php\/2026\/04\/07\/governo-lanca-pacote-para-conter-alta-dos-combustiveis\/\" class=\"_self pt-cv-href-thumbnail pt-cv-thumb-default\" target=\"_self\" ><img decoding=\"async\" width=\"300\" height=\"225\" src=\"https:\/\/jornalvaleevangelico.com.br\/wp-content\/uploads\/2026\/04\/ombust1-300x225.jpg\" class=\"pt-cv-thumbnail\" alt=\"\" srcset=\"https:\/\/jornalvaleevangelico.com.br\/wp-content\/uploads\/2026\/04\/ombust1-300x225.jpg 300w, https:\/\/jornalvaleevangelico.com.br\/wp-content\/uploads\/2026\/04\/ombust1-1024x768.jpg 1024w, https:\/\/jornalvaleevangelico.com.br\/wp-content\/uploads\/2026\/04\/ombust1-768x576.jpg 768w, https:\/\/jornalvaleevangelico.com.br\/wp-content\/uploads\/2026\/04\/ombust1-1536x1152.jpg 1536w, https:\/\/jornalvaleevangelico.com.br\/wp-content\/uploads\/2026\/04\/ombust1.jpg 1920w\" sizes=\"(max-width: 300px) 100vw, 300px\" \/><\/a>\n<h4 class=\"pt-cv-title\"><a href=\"https:\/\/jornalvaleevangelico.com.br\/index.php\/2026\/04\/07\/governo-lanca-pacote-para-conter-alta-dos-combustiveis\/\" class=\"_self\" target=\"_self\" >Governo lan\u00e7a pacote para conter alta dos combust\u00edveis<\/a><\/h4>\n<div class=\"pt-cv-content\">Subs\u00eddios, redu\u00e7\u00e3o de impostos e cr\u00e9dito ao setor a\u00e9reo fazem parte das medidas Nesta segunda-feira (6), o governo federal anunciou ...<br \/><div class=\"pt-cv-rmwrap\"><a href=\"https:\/\/jornalvaleevangelico.com.br\/index.php\/2026\/04\/07\/governo-lanca-pacote-para-conter-alta-dos-combustiveis\/\" class=\"_self pt-cv-readmore btn btn-success\" target=\"_self\">Leia Mais<\/a><\/div><\/div><\/div><\/div>\n<div class=\"col-md-4 col-sm-6 col-xs-12 pt-cv-content-item pt-cv-1-col\" ><div class='pt-cv-ifield'><a href=\"https:\/\/jornalvaleevangelico.com.br\/index.php\/2026\/03\/23\/inss-andre-mendonca-manda-leiloar-veiculos-de-investigados\/\" class=\"_self pt-cv-href-thumbnail pt-cv-thumb-default\" target=\"_self\" ><img decoding=\"async\" width=\"300\" height=\"200\" src=\"https:\/\/jornalvaleevangelico.com.br\/wp-content\/uploads\/2026\/03\/Andre-300x200.jpg\" class=\"pt-cv-thumbnail\" alt=\"\" srcset=\"https:\/\/jornalvaleevangelico.com.br\/wp-content\/uploads\/2026\/03\/Andre-300x200.jpg 300w, https:\/\/jornalvaleevangelico.com.br\/wp-content\/uploads\/2026\/03\/Andre-1024x683.jpg 1024w, https:\/\/jornalvaleevangelico.com.br\/wp-content\/uploads\/2026\/03\/Andre-768x512.jpg 768w, https:\/\/jornalvaleevangelico.com.br\/wp-content\/uploads\/2026\/03\/Andre.jpg 1536w\" sizes=\"(max-width: 300px) 100vw, 300px\" \/><\/a>\n<h4 class=\"pt-cv-title\"><a href=\"https:\/\/jornalvaleevangelico.com.br\/index.php\/2026\/03\/23\/inss-andre-mendonca-manda-leiloar-veiculos-de-investigados\/\" class=\"_self\" target=\"_self\" >INSS: Andr\u00e9 Mendon\u00e7a manda leiloar ve\u00edculos de investigados<\/a><\/h4>\n<div class=\"pt-cv-content\">Valor de mercado dos ve\u00edculos envolvidos na decis\u00e3o varia de R$ 69,7 mil a R$ 2,44 milh\u00f5es O ministro Andr\u00e9 ...<br \/><div class=\"pt-cv-rmwrap\"><a href=\"https:\/\/jornalvaleevangelico.com.br\/index.php\/2026\/03\/23\/inss-andre-mendonca-manda-leiloar-veiculos-de-investigados\/\" class=\"_self pt-cv-readmore btn btn-success\" target=\"_self\">Leia Mais<\/a><\/div><\/div><\/div><\/div>\n<div class=\"col-md-4 col-sm-6 col-xs-12 pt-cv-content-item pt-cv-1-col\" ><div class='pt-cv-ifield'><a href=\"https:\/\/jornalvaleevangelico.com.br\/index.php\/2026\/03\/16\/contas-publicas-dados-contestam-narrativa-de-que-lula-herdou-rombo-fiscal-de-bolsonaro\/\" class=\"_self pt-cv-href-thumbnail pt-cv-thumb-default\" target=\"_self\" ><img loading=\"lazy\" decoding=\"async\" width=\"300\" height=\"169\" src=\"https:\/\/jornalvaleevangelico.com.br\/wp-content\/uploads\/2026\/03\/Lula-Hadad1-300x169.jpg\" class=\"pt-cv-thumbnail\" alt=\"\" srcset=\"https:\/\/jornalvaleevangelico.com.br\/wp-content\/uploads\/2026\/03\/Lula-Hadad1-300x169.jpg 300w, https:\/\/jornalvaleevangelico.com.br\/wp-content\/uploads\/2026\/03\/Lula-Hadad1-768x432.jpg 768w, https:\/\/jornalvaleevangelico.com.br\/wp-content\/uploads\/2026\/03\/Lula-Hadad1.jpg 960w\" sizes=\"(max-width: 300px) 100vw, 300px\" \/><\/a>\n<h4 class=\"pt-cv-title\"><a href=\"https:\/\/jornalvaleevangelico.com.br\/index.php\/2026\/03\/16\/contas-publicas-dados-contestam-narrativa-de-que-lula-herdou-rombo-fiscal-de-bolsonaro\/\" class=\"_self\" target=\"_self\" >Contas p\u00fablicas: dados contestam narrativa de que Lula herdou \u201crombo fiscal\u201d de Bolsonaro<\/a><\/h4>\n<div class=\"pt-cv-content\">Dados citados pela reportagem indicam que 2022 terminou com super\u00e1vit prim\u00e1rio, n\u00e3o d\u00e9ficit. Uma reportagem publicada pelo portal Gazeta do ...<br \/><div class=\"pt-cv-rmwrap\"><a href=\"https:\/\/jornalvaleevangelico.com.br\/index.php\/2026\/03\/16\/contas-publicas-dados-contestam-narrativa-de-que-lula-herdou-rombo-fiscal-de-bolsonaro\/\" class=\"_self pt-cv-readmore btn btn-success\" target=\"_self\">Leia Mais<\/a><\/div><\/div><\/div><\/div>\n<div class=\"col-md-4 col-sm-6 col-xs-12 pt-cv-content-item pt-cv-1-col\" ><div class='pt-cv-ifield'><a href=\"https:\/\/jornalvaleevangelico.com.br\/index.php\/2025\/11\/05\/apos-reuniao-copom-mantem-taxa-de-juros-em-15-ao-ano\/\" class=\"_self pt-cv-href-thumbnail pt-cv-thumb-default\" target=\"_self\" ><img loading=\"lazy\" decoding=\"async\" width=\"300\" height=\"181\" src=\"https:\/\/jornalvaleevangelico.com.br\/wp-content\/uploads\/2025\/11\/Economia1-300x181.jpg\" class=\"pt-cv-thumbnail\" alt=\"\" srcset=\"https:\/\/jornalvaleevangelico.com.br\/wp-content\/uploads\/2025\/11\/Economia1-300x181.jpg 300w, https:\/\/jornalvaleevangelico.com.br\/wp-content\/uploads\/2025\/11\/Economia1-768x463.jpg 768w, https:\/\/jornalvaleevangelico.com.br\/wp-content\/uploads\/2025\/11\/Economia1.jpg 1024w\" sizes=\"(max-width: 300px) 100vw, 300px\" \/><\/a>\n<h4 class=\"pt-cv-title\"><a href=\"https:\/\/jornalvaleevangelico.com.br\/index.php\/2025\/11\/05\/apos-reuniao-copom-mantem-taxa-de-juros-em-15-ao-ano\/\" class=\"_self\" target=\"_self\" >Ap\u00f3s reuni\u00e3o, Copom mant\u00e9m taxa de juros em 15% ao ano<\/a><\/h4>\n<div class=\"pt-cv-content\">\u00c9 a terceira vez seguida que o comit\u00ea decide pelo n\u00famero O Comit\u00ea de Pol\u00edtica Monet\u00e1ria (Copom) do Banco Central ...<br \/><div class=\"pt-cv-rmwrap\"><a href=\"https:\/\/jornalvaleevangelico.com.br\/index.php\/2025\/11\/05\/apos-reuniao-copom-mantem-taxa-de-juros-em-15-ao-ano\/\" class=\"_self pt-cv-readmore btn btn-success\" target=\"_self\">Leia Mais<\/a><\/div><\/div><\/div><\/div>\n<div class=\"col-md-4 col-sm-6 col-xs-12 pt-cv-content-item pt-cv-1-col\" ><div class='pt-cv-ifield'><a href=\"https:\/\/jornalvaleevangelico.com.br\/index.php\/2025\/11\/05\/por-unanimidade-senado-aprova-isentar-ir-para-quem-ganha-ate-rs-5-mil\/\" class=\"_self pt-cv-href-thumbnail pt-cv-thumb-default\" target=\"_self\" ><img loading=\"lazy\" decoding=\"async\" width=\"300\" height=\"179\" src=\"https:\/\/jornalvaleevangelico.com.br\/wp-content\/uploads\/2025\/11\/Dinheiro1-300x179.jpg\" class=\"pt-cv-thumbnail\" alt=\"\" srcset=\"https:\/\/jornalvaleevangelico.com.br\/wp-content\/uploads\/2025\/11\/Dinheiro1-300x179.jpg 300w, https:\/\/jornalvaleevangelico.com.br\/wp-content\/uploads\/2025\/11\/Dinheiro1-1024x613.jpg 1024w, https:\/\/jornalvaleevangelico.com.br\/wp-content\/uploads\/2025\/11\/Dinheiro1-768x459.jpg 768w, https:\/\/jornalvaleevangelico.com.br\/wp-content\/uploads\/2025\/11\/Dinheiro1.jpg 1170w\" sizes=\"(max-width: 300px) 100vw, 300px\" \/><\/a>\n<h4 class=\"pt-cv-title\"><a href=\"https:\/\/jornalvaleevangelico.com.br\/index.php\/2025\/11\/05\/por-unanimidade-senado-aprova-isentar-ir-para-quem-ganha-ate-rs-5-mil\/\" class=\"_self\" target=\"_self\" >Por unanimidade, Senado aprova isentar IR para quem ganha at\u00e9 RS 5 mil<\/a><\/h4>\n<div class=\"pt-cv-content\">Cerca de 25 milh\u00f5es de brasileiros v\u00e3o pagar menos imposto O plen\u00e1rio do Senado aprovou, por unanimidade, nesta quarta (5), ...<br \/><div class=\"pt-cv-rmwrap\"><a href=\"https:\/\/jornalvaleevangelico.com.br\/index.php\/2025\/11\/05\/por-unanimidade-senado-aprova-isentar-ir-para-quem-ganha-ate-rs-5-mil\/\" class=\"_self pt-cv-readmore btn btn-success\" target=\"_self\">Leia Mais<\/a><\/div><\/div><\/div><\/div>\n<div class=\"col-md-4 col-sm-6 col-xs-12 pt-cv-content-item pt-cv-1-col\" ><div class='pt-cv-ifield'><a href=\"https:\/\/jornalvaleevangelico.com.br\/index.php\/2025\/10\/09\/auxilio-177-mil-familias-devem-devolver-valores-indevidos\/\" class=\"_self pt-cv-href-thumbnail pt-cv-thumb-default\" target=\"_self\" ><img loading=\"lazy\" decoding=\"async\" width=\"300\" height=\"179\" src=\"https:\/\/jornalvaleevangelico.com.br\/wp-content\/uploads\/2025\/10\/uxilio-1-300x179.jpg\" class=\"pt-cv-thumbnail\" alt=\"\" srcset=\"https:\/\/jornalvaleevangelico.com.br\/wp-content\/uploads\/2025\/10\/uxilio-1-300x179.jpg 300w, https:\/\/jornalvaleevangelico.com.br\/wp-content\/uploads\/2025\/10\/uxilio-1-1024x613.jpg 1024w, https:\/\/jornalvaleevangelico.com.br\/wp-content\/uploads\/2025\/10\/uxilio-1-768x459.jpg 768w, https:\/\/jornalvaleevangelico.com.br\/wp-content\/uploads\/2025\/10\/uxilio-1.jpg 1170w\" sizes=\"(max-width: 300px) 100vw, 300px\" \/><\/a>\n<h4 class=\"pt-cv-title\"><a href=\"https:\/\/jornalvaleevangelico.com.br\/index.php\/2025\/10\/09\/auxilio-177-mil-familias-devem-devolver-valores-indevidos\/\" class=\"_self\" target=\"_self\" >Aux\u00edlio: 177 mil fam\u00edlias devem devolver valores indevidos<\/a><\/h4>\n<div class=\"pt-cv-content\">Montante a ser devolvido totaliza R$ 478,8 milh\u00f5es Cerca de 177 mil fam\u00edlias que receberam indevidamente o aux\u00edlio emergencial, pago ...<br \/><div class=\"pt-cv-rmwrap\"><a href=\"https:\/\/jornalvaleevangelico.com.br\/index.php\/2025\/10\/09\/auxilio-177-mil-familias-devem-devolver-valores-indevidos\/\" class=\"_self pt-cv-readmore btn btn-success\" target=\"_self\">Leia Mais<\/a><\/div><\/div><\/div><\/div>\n<div class=\"col-md-4 col-sm-6 col-xs-12 pt-cv-content-item pt-cv-1-col\" ><div class='pt-cv-ifield'><a href=\"https:\/\/jornalvaleevangelico.com.br\/index.php\/2025\/09\/05\/beneficios-pagos-pelo-inss-nao-poderao-ter-descontos-de-associacoes\/\" class=\"_self pt-cv-href-thumbnail pt-cv-thumb-default\" target=\"_self\" ><img loading=\"lazy\" decoding=\"async\" width=\"300\" height=\"167\" src=\"https:\/\/jornalvaleevangelico.com.br\/wp-content\/uploads\/2025\/09\/inss-300x167.jpg\" class=\"pt-cv-thumbnail\" alt=\"\" srcset=\"https:\/\/jornalvaleevangelico.com.br\/wp-content\/uploads\/2025\/09\/inss-300x167.jpg 300w, https:\/\/jornalvaleevangelico.com.br\/wp-content\/uploads\/2025\/09\/inss-768x427.jpg 768w, https:\/\/jornalvaleevangelico.com.br\/wp-content\/uploads\/2025\/09\/inss.jpg 976w\" sizes=\"(max-width: 300px) 100vw, 300px\" \/><\/a>\n<h4 class=\"pt-cv-title\"><a href=\"https:\/\/jornalvaleevangelico.com.br\/index.php\/2025\/09\/05\/beneficios-pagos-pelo-inss-nao-poderao-ter-descontos-de-associacoes\/\" class=\"_self\" target=\"_self\" >Benef\u00edcios pagos pelo INSS n\u00e3o poder\u00e3o ter descontos de associa\u00e7\u00f5es<\/a><\/h4>\n<div class=\"pt-cv-content\">Projeto \u00e9 reflexo da opera\u00e7\u00e3o da Pol\u00edcia Federal e Controladoria-Geral da Uni\u00e3o que revelou desvio bilion\u00e1rio de aposentadorias e pens\u00f5es ...<br \/><div class=\"pt-cv-rmwrap\"><a href=\"https:\/\/jornalvaleevangelico.com.br\/index.php\/2025\/09\/05\/beneficios-pagos-pelo-inss-nao-poderao-ter-descontos-de-associacoes\/\" class=\"_self pt-cv-readmore btn btn-success\" target=\"_self\">Leia Mais<\/a><\/div><\/div><\/div><\/div>\n<div class=\"col-md-4 col-sm-6 col-xs-12 pt-cv-content-item pt-cv-1-col\" ><div class='pt-cv-ifield'><a href=\"https:\/\/jornalvaleevangelico.com.br\/index.php\/2025\/08\/22\/consulta-ao-4o-lote-de-restituicao-do-ir-esta-liberada\/\" class=\"_self pt-cv-href-thumbnail pt-cv-thumb-default\" target=\"_self\" ><img loading=\"lazy\" decoding=\"async\" width=\"300\" height=\"180\" src=\"https:\/\/jornalvaleevangelico.com.br\/wp-content\/uploads\/2025\/08\/receitaf-1-300x180.jpg\" class=\"pt-cv-thumbnail\" alt=\"\" srcset=\"https:\/\/jornalvaleevangelico.com.br\/wp-content\/uploads\/2025\/08\/receitaf-1-300x180.jpg 300w, https:\/\/jornalvaleevangelico.com.br\/wp-content\/uploads\/2025\/08\/receitaf-1-768x462.jpg 768w, https:\/\/jornalvaleevangelico.com.br\/wp-content\/uploads\/2025\/08\/receitaf-1.jpg 981w\" sizes=\"(max-width: 300px) 100vw, 300px\" \/><\/a>\n<h4 class=\"pt-cv-title\"><a href=\"https:\/\/jornalvaleevangelico.com.br\/index.php\/2025\/08\/22\/consulta-ao-4o-lote-de-restituicao-do-ir-esta-liberada\/\" class=\"_self\" target=\"_self\" >Consulta ao 4\u00ba lote de restitui\u00e7\u00e3o do IR est\u00e1 liberada<\/a><\/h4>\n<div class=\"pt-cv-content\">Cerca de 1,9 milh\u00e3o de contribuintes receber\u00e3o os valores na pr\u00f3xima sexta (29) Na manh\u00e3 desta sexta-feira (22), a Receita ...<br \/><div class=\"pt-cv-rmwrap\"><a href=\"https:\/\/jornalvaleevangelico.com.br\/index.php\/2025\/08\/22\/consulta-ao-4o-lote-de-restituicao-do-ir-esta-liberada\/\" class=\"_self pt-cv-readmore btn btn-success\" target=\"_self\">Leia Mais<\/a><\/div><\/div><\/div><\/div>\n<div class=\"col-md-4 col-sm-6 col-xs-12 pt-cv-content-item pt-cv-1-col\" ><div class='pt-cv-ifield'><a href=\"https:\/\/jornalvaleevangelico.com.br\/index.php\/2025\/08\/21\/aprovada-urgencia-para-projeto-que-isenta-de-ir-quem-ganha-ate-r-5-mil\/\" class=\"_self pt-cv-href-thumbnail pt-cv-thumb-default\" target=\"_self\" ><img loading=\"lazy\" decoding=\"async\" width=\"300\" height=\"197\" src=\"https:\/\/jornalvaleevangelico.com.br\/wp-content\/uploads\/2025\/08\/Camara-300x197.jpg\" class=\"pt-cv-thumbnail\" alt=\"\" srcset=\"https:\/\/jornalvaleevangelico.com.br\/wp-content\/uploads\/2025\/08\/Camara-300x197.jpg 300w, https:\/\/jornalvaleevangelico.com.br\/wp-content\/uploads\/2025\/08\/Camara-768x503.jpg 768w, https:\/\/jornalvaleevangelico.com.br\/wp-content\/uploads\/2025\/08\/Camara.jpg 798w\" sizes=\"(max-width: 300px) 100vw, 300px\" \/><\/a>\n<h4 class=\"pt-cv-title\"><a href=\"https:\/\/jornalvaleevangelico.com.br\/index.php\/2025\/08\/21\/aprovada-urgencia-para-projeto-que-isenta-de-ir-quem-ganha-ate-r-5-mil\/\" class=\"_self\" target=\"_self\" >Aprovada urg\u00eancia para projeto que isenta de IR quem ganha at\u00e9 R$ 5 mil<\/a><\/h4>\n<div class=\"pt-cv-content\">O presidente da C\u00e2mara, Hugo Motta (Republicanos-PB), afirmou que discutir\u00e1 a data para a vota\u00e7\u00e3o final do projeto com lideran\u00e7as ...<br \/><div class=\"pt-cv-rmwrap\"><a href=\"https:\/\/jornalvaleevangelico.com.br\/index.php\/2025\/08\/21\/aprovada-urgencia-para-projeto-que-isenta-de-ir-quem-ganha-ate-r-5-mil\/\" class=\"_self pt-cv-readmore btn btn-success\" target=\"_self\">Leia Mais<\/a><\/div><\/div><\/div><\/div><\/div><\/div><\/div>\n<div class=\"jorna-rodape jorna-entity-placement\" id=\"jorna-3625263659\"><div id=\"jorna-1261337944\"><a href=\"https:\/\/gkscontabilidade.com\/\" aria-label=\"GKS Contabilidade\"><img src=\"https:\/\/jornalvaleevangelico.com.br\/wp-content\/uploads\/2023\/05\/GKS-Contabilidade.jpeg\" alt=\"\"  srcset=\"https:\/\/jornalvaleevangelico.com.br\/wp-content\/uploads\/2023\/05\/GKS-Contabilidade.jpeg 1600w, https:\/\/jornalvaleevangelico.com.br\/wp-content\/uploads\/2023\/05\/GKS-Contabilidade-300x65.jpeg 300w, https:\/\/jornalvaleevangelico.com.br\/wp-content\/uploads\/2023\/05\/GKS-Contabilidade-1024x223.jpeg 1024w, https:\/\/jornalvaleevangelico.com.br\/wp-content\/uploads\/2023\/05\/GKS-Contabilidade-768x168.jpeg 768w, https:\/\/jornalvaleevangelico.com.br\/wp-content\/uploads\/2023\/05\/GKS-Contabilidade-1536x335.jpeg 1536w\" sizes=\"(max-width: 1600px) 100vw, 1600px\" width=\"1600\" height=\"349\"   \/><\/a><\/div><\/div>","protected":false},"excerpt":{"rendered":"","protected":false},"author":1,"featured_media":0,"parent":0,"menu_order":0,"comment_status":"closed","ping_status":"closed","template":"","meta":{"_mi_skip_tracking":false,"_monsterinsights_sitenote_active":false,"_monsterinsights_sitenote_note":"","_monsterinsights_sitenote_category":0,"footnotes":""},"class_list":["post-64","page","type-page","status-publish","hentry"],"_links":{"self":[{"href":"https:\/\/jornalvaleevangelico.com.br\/index.php\/wp-json\/wp\/v2\/pages\/64","targetHints":{"allow":["GET"]}}],"collection":[{"href":"https:\/\/jornalvaleevangelico.com.br\/index.php\/wp-json\/wp\/v2\/pages"}],"about":[{"href":"https:\/\/jornalvaleevangelico.com.br\/index.php\/wp-json\/wp\/v2\/types\/page"}],"author":[{"embeddable":true,"href":"https:\/\/jornalvaleevangelico.com.br\/index.php\/wp-json\/wp\/v2\/users\/1"}],"replies":[{"embeddable":true,"href":"https:\/\/jornalvaleevangelico.com.br\/index.php\/wp-json\/wp\/v2\/comments?post=64"}],"version-history":[{"count":1,"href":"https:\/\/jornalvaleevangelico.com.br\/index.php\/wp-json\/wp\/v2\/pages\/64\/revisions"}],"predecessor-version":[{"id":65,"href":"https:\/\/jornalvaleevangelico.com.br\/index.php\/wp-json\/wp\/v2\/pages\/64\/revisions\/65"}],"wp:attachment":[{"href":"https:\/\/jornalvaleevangelico.com.br\/index.php\/wp-json\/wp\/v2\/media?parent=64"}],"curies":[{"name":"wp","href":"https:\/\/api.w.org\/{rel}","templated":true}]}}