{"id":83,"date":"2020-03-25T13:51:24","date_gmt":"2020-03-25T16:51:24","guid":{"rendered":"http:\/\/jornalvaleevangelico.com.br\/?page_id=83"},"modified":"2020-03-25T13:51:25","modified_gmt":"2020-03-25T16:51:25","slug":"testemunhos","status":"publish","type":"page","link":"https:\/\/jornalvaleevangelico.com.br\/index.php\/testemunhos\/","title":{"rendered":"Testemunhos"},"content":{"rendered":"<div class=\"pt-cv-wrapper\"><div class=\"pt-cv-view pt-cv-grid pt-cv-colsys\" id=\"pt-cv-view-5a6d503v5k\"><div data-id=\"pt-cv-page-1\" class=\"pt-cv-page\" data-cvc=\"3\"><div class=\"col-md-4 col-sm-6 col-xs-12 pt-cv-content-item pt-cv-1-col\" ><div class='pt-cv-ifield'><a href=\"https:\/\/jornalvaleevangelico.com.br\/index.php\/2026\/04\/09\/atacante-da-selecao-brasileira-testemunha-se-nao-fosse-jesus-eu-nao-estaria-aqui\/\" class=\"_self pt-cv-href-thumbnail pt-cv-thumb-default\" target=\"_self\" ><img fetchpriority=\"high\" decoding=\"async\" width=\"300\" height=\"179\" src=\"https:\/\/jornalvaleevangelico.com.br\/wp-content\/uploads\/2026\/04\/Jog1-300x179.jpg\" class=\"pt-cv-thumbnail\" alt=\"\" srcset=\"https:\/\/jornalvaleevangelico.com.br\/wp-content\/uploads\/2026\/04\/Jog1-300x179.jpg 300w, https:\/\/jornalvaleevangelico.com.br\/wp-content\/uploads\/2026\/04\/Jog1-768x457.jpg 768w, https:\/\/jornalvaleevangelico.com.br\/wp-content\/uploads\/2026\/04\/Jog1.jpg 840w\" sizes=\"(max-width: 300px) 100vw, 300px\" \/><\/a>\n<h4 class=\"pt-cv-title\"><a href=\"https:\/\/jornalvaleevangelico.com.br\/index.php\/2026\/04\/09\/atacante-da-selecao-brasileira-testemunha-se-nao-fosse-jesus-eu-nao-estaria-aqui\/\" class=\"_self\" target=\"_self\" >Atacante da Sele\u00e7\u00e3o Brasileira testemunha: \u201cSe n\u00e3o fosse Jesus, eu n\u00e3o estaria aqui\u201d<\/a><\/h4>\n<div class=\"pt-cv-content\">Igor Thiago falou sobre a carreira de sucesso e testemunhou sobre seu relacionamento com Jesus. O atacante Igor Thiago, da ...<br \/><div class=\"pt-cv-rmwrap\"><a href=\"https:\/\/jornalvaleevangelico.com.br\/index.php\/2026\/04\/09\/atacante-da-selecao-brasileira-testemunha-se-nao-fosse-jesus-eu-nao-estaria-aqui\/\" class=\"_self pt-cv-readmore btn btn-success\" target=\"_self\">Leia Mais<\/a><\/div><\/div><\/div><\/div>\n<div class=\"col-md-4 col-sm-6 col-xs-12 pt-cv-content-item pt-cv-1-col\" ><div class='pt-cv-ifield'><a href=\"https:\/\/jornalvaleevangelico.com.br\/index.php\/2026\/01\/22\/em-meio-aos-protestos-no-ira-muculmanos-se-rendem-a-jesus-atraves-de-sonhos-e-visoes\/\" class=\"_self pt-cv-href-thumbnail pt-cv-thumb-default\" target=\"_self\" ><img decoding=\"async\" width=\"300\" height=\"179\" src=\"https:\/\/jornalvaleevangelico.com.br\/wp-content\/uploads\/2026\/01\/Test-1-1-300x179.jpg\" class=\"pt-cv-thumbnail\" alt=\"\" srcset=\"https:\/\/jornalvaleevangelico.com.br\/wp-content\/uploads\/2026\/01\/Test-1-1-300x179.jpg 300w, https:\/\/jornalvaleevangelico.com.br\/wp-content\/uploads\/2026\/01\/Test-1-1-768x457.jpg 768w, https:\/\/jornalvaleevangelico.com.br\/wp-content\/uploads\/2026\/01\/Test-1-1.jpg 840w\" sizes=\"(max-width: 300px) 100vw, 300px\" \/><\/a>\n<h4 class=\"pt-cv-title\"><a href=\"https:\/\/jornalvaleevangelico.com.br\/index.php\/2026\/01\/22\/em-meio-aos-protestos-no-ira-muculmanos-se-rendem-a-jesus-atraves-de-sonhos-e-visoes\/\" class=\"_self\" target=\"_self\" >Em meio aos protestos no Ir\u00e3, mu\u00e7ulmanos se rendem a Jesus atrav\u00e9s de sonhos e vis\u00f5es<\/a><\/h4>\n<div class=\"pt-cv-content\">Mesmo diante da viol\u00eancia, repress\u00e3o e instabilidade no pa\u00eds, mu\u00e7ulmanos afirmam ter sido curados e transformados ap\u00f3s encontros com Jesus ...<br \/><div class=\"pt-cv-rmwrap\"><a href=\"https:\/\/jornalvaleevangelico.com.br\/index.php\/2026\/01\/22\/em-meio-aos-protestos-no-ira-muculmanos-se-rendem-a-jesus-atraves-de-sonhos-e-visoes\/\" class=\"_self pt-cv-readmore btn btn-success\" target=\"_self\">Leia Mais<\/a><\/div><\/div><\/div><\/div>\n<div class=\"col-md-4 col-sm-6 col-xs-12 pt-cv-content-item pt-cv-1-col\" ><div class='pt-cv-ifield'><a href=\"https:\/\/jornalvaleevangelico.com.br\/index.php\/2026\/01\/16\/cristao-sem-maos-supera-deficiencia-e-aprende-a-tocar-trombone-queria-servir-a-deus\/\" class=\"_self pt-cv-href-thumbnail pt-cv-thumb-default\" target=\"_self\" ><img decoding=\"async\" width=\"300\" height=\"179\" src=\"https:\/\/jornalvaleevangelico.com.br\/wp-content\/uploads\/2026\/01\/trob-300x179.jpg\" class=\"pt-cv-thumbnail\" alt=\"\" srcset=\"https:\/\/jornalvaleevangelico.com.br\/wp-content\/uploads\/2026\/01\/trob-300x179.jpg 300w, https:\/\/jornalvaleevangelico.com.br\/wp-content\/uploads\/2026\/01\/trob-768x457.jpg 768w, https:\/\/jornalvaleevangelico.com.br\/wp-content\/uploads\/2026\/01\/trob.jpg 840w\" sizes=\"(max-width: 300px) 100vw, 300px\" \/><\/a>\n<h4 class=\"pt-cv-title\"><a href=\"https:\/\/jornalvaleevangelico.com.br\/index.php\/2026\/01\/16\/cristao-sem-maos-supera-deficiencia-e-aprende-a-tocar-trombone-queria-servir-a-deus\/\" class=\"_self\" target=\"_self\" >Crist\u00e3o sem m\u00e3os supera defici\u00eancia e aprende a tocar trombone: \u2018Queria servir a Deus\u2019<\/a><\/h4>\n<div class=\"pt-cv-content\">Cleber Santos perdeu as duas m\u00e3os e uma das pernas ap\u00f3s sofrer um choque el\u00e9trico de mais de 13 mil ...<br \/><div class=\"pt-cv-rmwrap\"><a href=\"https:\/\/jornalvaleevangelico.com.br\/index.php\/2026\/01\/16\/cristao-sem-maos-supera-deficiencia-e-aprende-a-tocar-trombone-queria-servir-a-deus\/\" class=\"_self pt-cv-readmore btn btn-success\" target=\"_self\">Leia Mais<\/a><\/div><\/div><\/div><\/div>\n<div class=\"col-md-4 col-sm-6 col-xs-12 pt-cv-content-item pt-cv-1-col\" ><div class='pt-cv-ifield'><a href=\"https:\/\/jornalvaleevangelico.com.br\/index.php\/2026\/01\/15\/jogador-do-corinthians-chama-atencao-ao-levar-biblia-em-jogo-temos-que-pregar-a-palavra\/\" class=\"_self pt-cv-href-thumbnail pt-cv-thumb-default\" target=\"_self\" ><img loading=\"lazy\" decoding=\"async\" width=\"300\" height=\"179\" src=\"https:\/\/jornalvaleevangelico.com.br\/wp-content\/uploads\/2026\/01\/Jogador-300x179.jpg\" class=\"pt-cv-thumbnail\" alt=\"\" srcset=\"https:\/\/jornalvaleevangelico.com.br\/wp-content\/uploads\/2026\/01\/Jogador-300x179.jpg 300w, https:\/\/jornalvaleevangelico.com.br\/wp-content\/uploads\/2026\/01\/Jogador-768x457.jpg 768w, https:\/\/jornalvaleevangelico.com.br\/wp-content\/uploads\/2026\/01\/Jogador.jpg 840w\" sizes=\"(max-width: 300px) 100vw, 300px\" \/><\/a>\n<h4 class=\"pt-cv-title\"><a href=\"https:\/\/jornalvaleevangelico.com.br\/index.php\/2026\/01\/15\/jogador-do-corinthians-chama-atencao-ao-levar-biblia-em-jogo-temos-que-pregar-a-palavra\/\" class=\"_self\" target=\"_self\" >Jogador do Corinthians chama aten\u00e7\u00e3o ao levar B\u00edblia em jogo: \u201cTemos que pregar a Palavra\u201d<\/a><\/h4>\n<div class=\"pt-cv-content\">Questionado por jornalista ap\u00f3s a partida contra o Ponte Preta, Jo\u00e3o Vitor Jacar\u00e9 explicou que sempre est\u00e1 com a B\u00edblia ...<br \/><div class=\"pt-cv-rmwrap\"><a href=\"https:\/\/jornalvaleevangelico.com.br\/index.php\/2026\/01\/15\/jogador-do-corinthians-chama-atencao-ao-levar-biblia-em-jogo-temos-que-pregar-a-palavra\/\" class=\"_self pt-cv-readmore btn btn-success\" target=\"_self\">Leia Mais<\/a><\/div><\/div><\/div><\/div>\n<div class=\"col-md-4 col-sm-6 col-xs-12 pt-cv-content-item pt-cv-1-col\" ><div class='pt-cv-ifield'><a href=\"https:\/\/jornalvaleevangelico.com.br\/index.php\/2026\/01\/08\/jovem-hindu-desiste-de-suicidio-apos-ouvir-a-voz-de-jesus-nao-faca-isso\/\" class=\"_self pt-cv-href-thumbnail pt-cv-thumb-default\" target=\"_self\" ><img loading=\"lazy\" decoding=\"async\" width=\"300\" height=\"179\" src=\"https:\/\/jornalvaleevangelico.com.br\/wp-content\/uploads\/2026\/01\/Test-1-300x179.jpg\" class=\"pt-cv-thumbnail\" alt=\"\" srcset=\"https:\/\/jornalvaleevangelico.com.br\/wp-content\/uploads\/2026\/01\/Test-1-300x179.jpg 300w, https:\/\/jornalvaleevangelico.com.br\/wp-content\/uploads\/2026\/01\/Test-1-768x457.jpg 768w, https:\/\/jornalvaleevangelico.com.br\/wp-content\/uploads\/2026\/01\/Test-1.jpg 840w\" sizes=\"(max-width: 300px) 100vw, 300px\" \/><\/a>\n<h4 class=\"pt-cv-title\"><a href=\"https:\/\/jornalvaleevangelico.com.br\/index.php\/2026\/01\/08\/jovem-hindu-desiste-de-suicidio-apos-ouvir-a-voz-de-jesus-nao-faca-isso\/\" class=\"_self\" target=\"_self\" >Jovem hindu desiste de suic\u00eddio ap\u00f3s ouvir a voz de Jesus: &#8220;N\u00e3o fa\u00e7a isso&#8221;<\/a><\/h4>\n<div class=\"pt-cv-content\">Crescendo em um lar conturbado e com viol\u00eancia, Shayenne lutou com sua sa\u00fade mental desde cedo, at\u00e9 ser resgatada de ...<br \/><div class=\"pt-cv-rmwrap\"><a href=\"https:\/\/jornalvaleevangelico.com.br\/index.php\/2026\/01\/08\/jovem-hindu-desiste-de-suicidio-apos-ouvir-a-voz-de-jesus-nao-faca-isso\/\" class=\"_self pt-cv-readmore btn btn-success\" target=\"_self\">Leia Mais<\/a><\/div><\/div><\/div><\/div>\n<div class=\"col-md-4 col-sm-6 col-xs-12 pt-cv-content-item pt-cv-1-col\" ><div class='pt-cv-ifield'><a href=\"https:\/\/jornalvaleevangelico.com.br\/index.php\/2025\/12\/18\/ex-coelhinha-da-playboy-aceitou-jesus-apos-morte-de-charlie-kirk-me-rendi-completamente\/\" class=\"_self pt-cv-href-thumbnail pt-cv-thumb-default\" target=\"_self\" ><img loading=\"lazy\" decoding=\"async\" width=\"300\" height=\"179\" src=\"https:\/\/jornalvaleevangelico.com.br\/wp-content\/uploads\/2025\/12\/test-1-300x179.jpg\" class=\"pt-cv-thumbnail\" alt=\"\" srcset=\"https:\/\/jornalvaleevangelico.com.br\/wp-content\/uploads\/2025\/12\/test-1-300x179.jpg 300w, https:\/\/jornalvaleevangelico.com.br\/wp-content\/uploads\/2025\/12\/test-1-768x457.jpg 768w, https:\/\/jornalvaleevangelico.com.br\/wp-content\/uploads\/2025\/12\/test-1.jpg 840w\" sizes=\"(max-width: 300px) 100vw, 300px\" \/><\/a>\n<h4 class=\"pt-cv-title\"><a href=\"https:\/\/jornalvaleevangelico.com.br\/index.php\/2025\/12\/18\/ex-coelhinha-da-playboy-aceitou-jesus-apos-morte-de-charlie-kirk-me-rendi-completamente\/\" class=\"_self\" target=\"_self\" >Ex-coelhinha da Playboy aceitou Jesus ap\u00f3s morte de Charlie Kirk: \u201cMe rendi completamente\u201d<\/a><\/h4>\n<div class=\"pt-cv-content\">Jenny McCarthy revelou que foi impactada pela trag\u00e9dia e passou a buscar a Deus atrav\u00e9s da ora\u00e7\u00e3o e do estudo ...<br \/><div class=\"pt-cv-rmwrap\"><a href=\"https:\/\/jornalvaleevangelico.com.br\/index.php\/2025\/12\/18\/ex-coelhinha-da-playboy-aceitou-jesus-apos-morte-de-charlie-kirk-me-rendi-completamente\/\" class=\"_self pt-cv-readmore btn btn-success\" target=\"_self\">Leia Mais<\/a><\/div><\/div><\/div><\/div>\n<div class=\"col-md-4 col-sm-6 col-xs-12 pt-cv-content-item pt-cv-1-col\" ><div class='pt-cv-ifield'><a href=\"https:\/\/jornalvaleevangelico.com.br\/index.php\/2025\/12\/12\/hindu-que-participava-de-linchamentos-de-cristaos-se-converte-na-india\/\" class=\"_self pt-cv-href-thumbnail pt-cv-thumb-default\" target=\"_self\" ><img loading=\"lazy\" decoding=\"async\" width=\"300\" height=\"178\" src=\"https:\/\/jornalvaleevangelico.com.br\/wp-content\/uploads\/2025\/12\/Indiano-300x178.jpg\" class=\"pt-cv-thumbnail\" alt=\"\" srcset=\"https:\/\/jornalvaleevangelico.com.br\/wp-content\/uploads\/2025\/12\/Indiano-300x178.jpg 300w, https:\/\/jornalvaleevangelico.com.br\/wp-content\/uploads\/2025\/12\/Indiano-768x456.jpg 768w, https:\/\/jornalvaleevangelico.com.br\/wp-content\/uploads\/2025\/12\/Indiano.jpg 838w\" sizes=\"(max-width: 300px) 100vw, 300px\" \/><\/a>\n<h4 class=\"pt-cv-title\"><a href=\"https:\/\/jornalvaleevangelico.com.br\/index.php\/2025\/12\/12\/hindu-que-participava-de-linchamentos-de-cristaos-se-converte-na-india\/\" class=\"_self\" target=\"_self\" >Hindu que participava de linchamentos de crist\u00e3os se converte na \u00cdndia<\/a><\/h4>\n<div class=\"pt-cv-content\">Um pastor, que estava na mesma pris\u00e3o por pregar o Evangelho, passou a compartilhar a Palavra de Cristo com ele ...<br \/><div class=\"pt-cv-rmwrap\"><a href=\"https:\/\/jornalvaleevangelico.com.br\/index.php\/2025\/12\/12\/hindu-que-participava-de-linchamentos-de-cristaos-se-converte-na-india\/\" class=\"_self pt-cv-readmore btn btn-success\" target=\"_self\">Leia Mais<\/a><\/div><\/div><\/div><\/div>\n<div class=\"col-md-4 col-sm-6 col-xs-12 pt-cv-content-item pt-cv-1-col\" ><div class='pt-cv-ifield'><a href=\"https:\/\/jornalvaleevangelico.com.br\/index.php\/2025\/12\/02\/ex-muculmano-leva-100-mil-islamicos-a-jesus-atraves-de-canal-de-tv-ha-fome-por-cristo\/\" class=\"_self pt-cv-href-thumbnail pt-cv-thumb-default\" target=\"_self\" ><img loading=\"lazy\" decoding=\"async\" width=\"300\" height=\"179\" src=\"https:\/\/jornalvaleevangelico.com.br\/wp-content\/uploads\/2025\/12\/MIss-1-300x179.jpg\" class=\"pt-cv-thumbnail\" alt=\"\" srcset=\"https:\/\/jornalvaleevangelico.com.br\/wp-content\/uploads\/2025\/12\/MIss-1-300x179.jpg 300w, https:\/\/jornalvaleevangelico.com.br\/wp-content\/uploads\/2025\/12\/MIss-1-768x457.jpg 768w, https:\/\/jornalvaleevangelico.com.br\/wp-content\/uploads\/2025\/12\/MIss-1.jpg 840w\" sizes=\"(max-width: 300px) 100vw, 300px\" \/><\/a>\n<h4 class=\"pt-cv-title\"><a href=\"https:\/\/jornalvaleevangelico.com.br\/index.php\/2025\/12\/02\/ex-muculmano-leva-100-mil-islamicos-a-jesus-atraves-de-canal-de-tv-ha-fome-por-cristo\/\" class=\"_self\" target=\"_self\" >Ex-mu\u00e7ulmano leva 100 mil isl\u00e2micos a Jesus atrav\u00e9s de canal de TV: \u201cH\u00e1 fome por Cristo\u201d<\/a><\/h4>\n<div class=\"pt-cv-content\">Depois de aceitar Jesus atrav\u00e9s de um evangelista, Harun Ibrahim fundou um canal de TV via sat\u00e9lite para evangelizar pa\u00edses ...<br \/><div class=\"pt-cv-rmwrap\"><a href=\"https:\/\/jornalvaleevangelico.com.br\/index.php\/2025\/12\/02\/ex-muculmano-leva-100-mil-islamicos-a-jesus-atraves-de-canal-de-tv-ha-fome-por-cristo\/\" class=\"_self pt-cv-readmore btn btn-success\" target=\"_self\">Leia Mais<\/a><\/div><\/div><\/div><\/div>\n<div class=\"col-md-4 col-sm-6 col-xs-12 pt-cv-content-item pt-cv-1-col\" ><div class='pt-cv-ifield'><a href=\"https:\/\/jornalvaleevangelico.com.br\/index.php\/2025\/11\/07\/professora-islamica-se-converte-ao-sonhar-com-jesus-quando-voce-bate-ele-abre-a-porta\/\" class=\"_self pt-cv-href-thumbnail pt-cv-thumb-default\" target=\"_self\" ><img loading=\"lazy\" decoding=\"async\" width=\"300\" height=\"179\" src=\"https:\/\/jornalvaleevangelico.com.br\/wp-content\/uploads\/2025\/11\/Mu1-300x179.jpg\" class=\"pt-cv-thumbnail\" alt=\"\" srcset=\"https:\/\/jornalvaleevangelico.com.br\/wp-content\/uploads\/2025\/11\/Mu1-300x179.jpg 300w, https:\/\/jornalvaleevangelico.com.br\/wp-content\/uploads\/2025\/11\/Mu1-768x457.jpg 768w, https:\/\/jornalvaleevangelico.com.br\/wp-content\/uploads\/2025\/11\/Mu1.jpg 840w\" sizes=\"(max-width: 300px) 100vw, 300px\" \/><\/a>\n<h4 class=\"pt-cv-title\"><a href=\"https:\/\/jornalvaleevangelico.com.br\/index.php\/2025\/11\/07\/professora-islamica-se-converte-ao-sonhar-com-jesus-quando-voce-bate-ele-abre-a-porta\/\" class=\"_self\" target=\"_self\" >Professora isl\u00e2mica se converte ao sonhar com Jesus: \u201cQuando voc\u00ea bate, Ele abre a porta\u201d<\/a><\/h4>\n<div class=\"pt-cv-content\">Mariam cresceu em Meca, seguindo todos os ritos isl\u00e2micos, mas nunca se sentiu amada por Al\u00e1, at\u00e9 que o Deus ...<br \/><div class=\"pt-cv-rmwrap\"><a href=\"https:\/\/jornalvaleevangelico.com.br\/index.php\/2025\/11\/07\/professora-islamica-se-converte-ao-sonhar-com-jesus-quando-voce-bate-ele-abre-a-porta\/\" class=\"_self pt-cv-readmore btn btn-success\" target=\"_self\">Leia Mais<\/a><\/div><\/div><\/div><\/div>\n<div class=\"col-md-4 col-sm-6 col-xs-12 pt-cv-content-item pt-cv-1-col\" ><div class='pt-cv-ifield'><a href=\"https:\/\/jornalvaleevangelico.com.br\/index.php\/2025\/11\/07\/ex-bruxa-se-entrega-a-jesus-apos-marido-sair-do-coma-deus-falou-comigo\/\" class=\"_self pt-cv-href-thumbnail pt-cv-thumb-default\" target=\"_self\" ><img loading=\"lazy\" decoding=\"async\" width=\"300\" height=\"179\" src=\"https:\/\/jornalvaleevangelico.com.br\/wp-content\/uploads\/2025\/11\/Ex-Bruxa-1-300x179.jpg\" class=\"pt-cv-thumbnail\" alt=\"\" srcset=\"https:\/\/jornalvaleevangelico.com.br\/wp-content\/uploads\/2025\/11\/Ex-Bruxa-1-300x179.jpg 300w, https:\/\/jornalvaleevangelico.com.br\/wp-content\/uploads\/2025\/11\/Ex-Bruxa-1-768x457.jpg 768w, https:\/\/jornalvaleevangelico.com.br\/wp-content\/uploads\/2025\/11\/Ex-Bruxa-1.jpg 840w\" sizes=\"(max-width: 300px) 100vw, 300px\" \/><\/a>\n<h4 class=\"pt-cv-title\"><a href=\"https:\/\/jornalvaleevangelico.com.br\/index.php\/2025\/11\/07\/ex-bruxa-se-entrega-a-jesus-apos-marido-sair-do-coma-deus-falou-comigo\/\" class=\"_self\" target=\"_self\" >Ex-bruxa se entrega a Jesus ap\u00f3s marido sair do coma: \u2018Deus falou comigo\u2019<\/a><\/h4>\n<div class=\"pt-cv-content\">Shauna, ex-praticante de bruxaria, e seu marido James, que sobreviveu a um grave acidente, contam como experi\u00eancias milagrosas os levaram ...<br \/><div class=\"pt-cv-rmwrap\"><a href=\"https:\/\/jornalvaleevangelico.com.br\/index.php\/2025\/11\/07\/ex-bruxa-se-entrega-a-jesus-apos-marido-sair-do-coma-deus-falou-comigo\/\" class=\"_self pt-cv-readmore btn btn-success\" target=\"_self\">Leia Mais<\/a><\/div><\/div><\/div><\/div><\/div><\/div><\/div>\n<div class=\"jorna-rodape jorna-entity-placement\" id=\"jorna-620528891\"><div id=\"jorna-1524781667\"><a href=\"https:\/\/gkscontabilidade.com\/\" aria-label=\"GKS Contabilidade\"><img src=\"https:\/\/jornalvaleevangelico.com.br\/wp-content\/uploads\/2023\/05\/GKS-Contabilidade.jpeg\" alt=\"\"  srcset=\"https:\/\/jornalvaleevangelico.com.br\/wp-content\/uploads\/2023\/05\/GKS-Contabilidade.jpeg 1600w, https:\/\/jornalvaleevangelico.com.br\/wp-content\/uploads\/2023\/05\/GKS-Contabilidade-300x65.jpeg 300w, https:\/\/jornalvaleevangelico.com.br\/wp-content\/uploads\/2023\/05\/GKS-Contabilidade-1024x223.jpeg 1024w, https:\/\/jornalvaleevangelico.com.br\/wp-content\/uploads\/2023\/05\/GKS-Contabilidade-768x168.jpeg 768w, https:\/\/jornalvaleevangelico.com.br\/wp-content\/uploads\/2023\/05\/GKS-Contabilidade-1536x335.jpeg 1536w\" sizes=\"(max-width: 1600px) 100vw, 1600px\" width=\"1600\" height=\"349\"   \/><\/a><\/div><\/div>","protected":false},"excerpt":{"rendered":"","protected":false},"author":1,"featured_media":0,"parent":0,"menu_order":0,"comment_status":"closed","ping_status":"closed","template":"","meta":{"_mi_skip_tracking":false,"_monsterinsights_sitenote_active":false,"_monsterinsights_sitenote_note":"","_monsterinsights_sitenote_category":0,"footnotes":""},"class_list":["post-83","page","type-page","status-publish","hentry"],"_links":{"self":[{"href":"https:\/\/jornalvaleevangelico.com.br\/index.php\/wp-json\/wp\/v2\/pages\/83","targetHints":{"allow":["GET"]}}],"collection":[{"href":"https:\/\/jornalvaleevangelico.com.br\/index.php\/wp-json\/wp\/v2\/pages"}],"about":[{"href":"https:\/\/jornalvaleevangelico.com.br\/index.php\/wp-json\/wp\/v2\/types\/page"}],"author":[{"embeddable":true,"href":"https:\/\/jornalvaleevangelico.com.br\/index.php\/wp-json\/wp\/v2\/users\/1"}],"replies":[{"embeddable":true,"href":"https:\/\/jornalvaleevangelico.com.br\/index.php\/wp-json\/wp\/v2\/comments?post=83"}],"version-history":[{"count":1,"href":"https:\/\/jornalvaleevangelico.com.br\/index.php\/wp-json\/wp\/v2\/pages\/83\/revisions"}],"predecessor-version":[{"id":85,"href":"https:\/\/jornalvaleevangelico.com.br\/index.php\/wp-json\/wp\/v2\/pages\/83\/revisions\/85"}],"wp:attachment":[{"href":"https:\/\/jornalvaleevangelico.com.br\/index.php\/wp-json\/wp\/v2\/media?parent=83"}],"curies":[{"name":"wp","href":"https:\/\/api.w.org\/{rel}","templated":true}]}}